 - 1177. Let j = 187 + d. What is the units digit of j?
4
Let w(l) = 103*l**3 - l**2 - 2*l - 1. Let t be w(-1). Let p = -72 - t. Suppose -38 - p = -3*k. What is the tens digit of k?
2
Let w(i) = 2*i**2 - 9*i - 3. Let n(q) = -6*q**2 + 26*q + 10. Let a(z) = -4*n(z) - 11*w(z). What is the units digit of a(10)?
3
Let k = 2 + -12. Let a be 1242/45*k/(-3). Suppose 3*f - 4*h = a, -5*f + 2*h + 148 = -10. What is the tens digit of f?
3
Let z be 50/1*24/20. Suppose 0 = l - 2*l + z. What is the tens digit of l?
6
Suppose 2*a - 4 = -g + 2, -14 = -5*g - 2*a. Let h be g + 0 + 0 - 32. What is the tens digit of (-75)/h*32/5?
1
Let u = 96 + -96. Suppose u = 38*r - 33*r - 900. What is the tens digit of r?
8
Let p = -2 + 2. Suppose p = -3*o + 58 + 68. Let q = -24 + o. What is the units digit of q?
8
Suppose -13*k + 4*k = -4167. Let w = k + -267. What is the hundreds digit of w?
1
Suppose 1 = 2*y - 1. Let t(h) = -h**3 + 9*h**2 - 9*h + 6. Let u be t(7). Suppose 3*w = u + y. What is the units digit of w?
4
Suppose 53*u - 49*u = 28. Suppose -59*w + 60*w = u. What is the units digit of w?
7
Let c = 5 + -26. Let s = c + 13. What is the units digit of (-1 - -14)*(-8)/s?
3
Let d = 9 + -3. Suppose 4*q - 8 = 2*w, 8*w + d = 5*w. Suppose 11 = 2*x + 5*b - 11, -3*x + b = q. What is the units digit of x?
1
Let p(z) be the first derivative of -16*z**2 + z + 6. What is the tens digit of p(-1)?
3
Let b(c) = 0*c - 11*c - 3*c - 4 - 5*c. Let a be b(-2). Suppose 4*k - 10 = a. What is the units digit of k?
1
Suppose 2*o = -3*o + 10. Suppose -n = 3*v - 170, -o*v = 2*n + 2*n - 650. What is the hundreds digit of n?
1
Let r = 19 + -30. Let o(i) = -i**2 - 9*i + 27. What is the units digit of o(r)?
5
Let v = 299 - 158. Let g = 203 - v. What is the tens digit of g?
6
Suppose -5*p + 4*m = 2*m - 720, 2*m + 428 = 3*p. What is the tens digit of p?
4
Suppose 3*w - 9 = 0, 4*q + 669 = 3*w + 112. Let a = 60 + q. What is the units digit of a/(-7) + (0 - -2)?
3
Let n be (-4)/((-12)/(-9)) + -3. Let t(b) = -b**3 - 23*b**2 + b + 36. Let i be t(-23). Let f = i + n. What is the units digit of f?
7
Let w(q) = -q - 2*q + 14 + 92 + 5*q. What is the tens digit of w(0)?
0
Suppose f - 276 = -49. Suppose 5*j = -w + 93, 3*w + 4*j - f = 2*j. What is the tens digit of w?
7
Let f be -3*76/6 - (-12)/(-6). Let u = 153 + f. What is the tens digit of u?
1
Suppose 4*i = 2*y - 1494 - 474, -3*i = 2*y - 2003. What is the hundreds digit of y?
9
Suppose 4*t + 4*w + 344 = 0, -t - 2*w = 35 + 52. Let g = 179 + t. What is the tens digit of g?
9
Let q = 12248 + -8096. What is the tens digit of q?
5
Suppose -2 + 25 = s. Let p = s - 22. What is the units digit of p?
1
Suppose 3*j - 567 = -0*j. Let a = 290 - j. What is the units digit of a?
1
Suppose 3*a = 5*z - 73, -2*z - 10 = -4*z. Let t = a + 24. Suppose -2*x + 12 = -t. What is the tens digit of x?
1
Let u = 36 - 34. Let k be 64 - u*(4 + -2). Let l = -23 + k. What is the tens digit of l?
3
What is the hundreds digit of 10/(-4) + (-6 - (-5178)/12)?
4
Let g(a) = -a**2 - 10*a - 5. Let k be g(-9). Let j(t) = t + 9. Let l be j(-6). Suppose 5*f - l = k*f. What is the units digit of f?
3
Suppose -2*f + 3*f = 3*p + 43, 4*p - f = -58. What is the units digit of ((-27)/p)/(((-27)/10)/(-9))?
6
Let v = -25 - -27. Suppose -a - 2 + 3 = -2*s, -3*s - 26 = v*a. Let j = a - -32. What is the units digit of j?
5
Let u = 75 - -395. What is the units digit of u?
0
Suppose 0 = 5*c - 4*h + 756, -h - 424 = 3*c + 4*h. What is the units digit of 5 + -8 - -4 - c?
9
Let v = 26 + -4. Let k = -21 + v. What is the units digit of -1 + 2 + (k - -44)?
6
Suppose 12 + 19 = m. What is the tens digit of m?
3
Let h(p) = -2*p. Suppose -3 = -3*x + 6*x. Let q = -2 - x. What is the units digit of h(q)?
2
Let r(o) = -38*o. What is the units digit of r(-16)?
8
Let w be 66*(5/3)/1. Let l(k) = -3*k**2 + 53*k - 42. Let n be l(18). Let i = n + w. What is the units digit of i?
0
Let x(b) be the third derivative of -1/60*b**5 - 1/24*b**4 + 1/120*b**6 + 0 + 3*b**2 + 5*b**3 + 0*b. What is the tens digit of x(0)?
3
Let a(f) = -f**3 + 13*f**2 + 12*f + 21. What is the tens digit of a(7)?
9
Let u = 28 + -52. Let x be (2/(-6))/(2/u). Suppose 18 = n - x. What is the units digit of n?
2
Let z = -2846 + 5788. What is the thousands digit of z?
2
Suppose -2*x + 146 = b, -5*x + 0*b = -3*b - 387. Let i = 186 - x. What is the hundreds digit of i?
1
Let n be (-25 + 27)*(-1)/(2/(-11)). Let d = n + 173. What is the tens digit of d?
8
What is the hundreds digit of -7546*1/(-18) + (-4)/18?
4
Let q(k) = -k + 6. Let x be q(6). Suppose x = 3*s + 3*s - 18. Let u = s + 8. What is the units digit of u?
1
Suppose 0 = r + r - 8, -3*i + 5*r = -1624. What is the hundreds digit of i?
5
Suppose 23790 + 2803 = 29*h. What is the tens digit of h?
1
What is the tens digit of (-105 + -5)*3/((-48)/88)?
0
Suppose 61*s + 1186 = 62*s. What is the hundreds digit of s?
1
Let i(h) = h**3 + 13*h**2 - 14*h + 4. Let g be i(-14). Let a(u) = 11*u + g*u + 5*u - u. What is the units digit of a(1)?
9
Let t be (-15)/(-10) - (-519)/6. What is the tens digit of ((-12)/(-8))/3*t?
4
Suppose -15*p = -4*p - 3718. What is the units digit of p?
8
Let j(l) = l**2 + l + 170. Let s = 10 + -10. Let v be j(s). Suppose -4*q - q = -v. What is the tens digit of q?
3
Suppose -l = 2*j - 660 - 615, -2*j = -2*l - 1290. What is the tens digit of j?
4
Suppose h - 5*n - 14 = 0, 8 = 7*h - 3*h + 4*n. Suppose -5*m - 2*z + h - 2 = 0, 5*m - 22 = 3*z. What is the units digit of 2 - m - (-9 + -1)?
0
Suppose 5*i - 168 = 227. Suppose 21 = -j - 3*w + i, 3*w + 174 = 3*j. What is the tens digit of j?
5
Let v = 111 + -156. Let h = 49 + v. What is the units digit of h?
4
Let x(k) = 6*k**2 + 3*k - 1. Let d be (-54)/15 + 9/15. What is the tens digit of x(d)?
4
Suppose 0 = 16*h + 34*h - 83400. What is the thousands digit of h?
1
Let x = -152 + 310. Let r be x/(-2) - (4 - 0). Let c = r - -137. What is the tens digit of c?
5
Let o be (-2 + 5)/((-3)/(-5)). Suppose -o*x + 9*x = 32. Suppose 3*k + 130 = x*k. What is the units digit of k?
6
Let x be -1*(256*5)/(-5). Suppose -x = -4*w + 4*s, w = -5*s + 25 + 45. What is the tens digit of w?
6
Let n(o) be the second derivative of -o**4/12 - o**3/2 + 3*o**2/2 - o. Let k(s) be the first derivative of n(s). What is the units digit of k(-3)?
3
Let p(l) = -l**3 - 20*l**2 + 19*l - 11. Let x be p(-21). Suppose 3*y + 5*h + 67 = y, 3*y + h = -81. Let m = x + y. What is the units digit of m?
5
Suppose -4*w - 1578 = 2*h - 5904, 0 = 5*h - w - 10804. What is the hundreds digit of h?
1
Let k(w) = -4 - 3*w - 5 + w**2 - 4*w. What is the units digit of k(-6)?
9
Let w be 126/10 - 6/(-15). Let u = w - 11. Suppose -y = 5*c - 173, -2*c + 101 = c + u*y. What is the tens digit of c?
3
Suppose -10*n = -21*n + 4543. What is the units digit of n?
3
What is the units digit of (-8)/(-92) - (-835428)/276?
7
Let z = 6 - -204. Suppose 0 = i - 6*i + z. What is the units digit of i?
2
Let n = -3523 + 6251. What is the hundreds digit of n?
7
Let a(h) = -h**2 - 9*h - 4. Suppose 7 - 1 = 3*m. Let g = m - 10. What is the units digit of a(g)?
4
Let l(o) = -20*o + 205. Let d(s) = -4*s + 41. Let m(i) = 11*d(i) - 2*l(i). What is the hundreds digit of m(-18)?
1
Suppose -2*a + 4*n = -4*a + 3072, 0 = 2*n - 6. What is the thousands digit of a?
1
What is the thousands digit of 1896 - (-6 - -12)/6?
1
Let m be (12/(-28))/((-1)/7). Suppose 14 = m*b - 1. What is the units digit of 1*b/(5/29)?
9
Let p be (-1)/((-2)/6) - 2. Suppose 5*k = i - 12, 4*k + 15 + p = 4*i. Suppose 0 = 6*d - i*d - 196. What is the units digit of d?
9
Suppose 13*w - 3280 = 5*w. Suppose 2*p + w = 7*p. What is the units digit of p?
2
Let l(k) = -k**3 - 9*k**2 + 7. Let i be l(-9). Let b = 27 + i. What is the tens digit of b?
3
Suppose -3796 + 187 = -9*l. What is the hundreds digit of l?
4
Let u = -79 - -154. Suppose -5*y = 25 - u. Let i = y + 23. What is the units digit of i?
3
Suppose 0 = h - d - 484, 2*h = -4*d + 111 + 881. What is the tens digit of h?
8
Let t = 377 + -195. What is the units digit of t?
2
What is the hundreds digit of 1*-19*4/((-24)/354)?
1
Suppose -5*z = 2*a - 0*a - 23, 4*z = a + 8. Let c be 49/z + 7/(-21). What is the units digit of (0 + 1)*(25 + c)?
1
Suppose -50064 = 80*m - 94*m. What is the tens digit of m?
7
Let h(x) = 10*x**2 + 9*x - 